divided by w.
8
Let o(r) = 4*r**2 - 5*r - 7. Let d(n) = -2*n - 4. Calculate the remainder when o(3) is divided by d(-6).
6
Suppose 0*d + 15 = 3*d. Let r = 5 - 0. Let q = 7 - r. Calculate the remainder when d is divided by q.
1
Suppose 4*o - 376 = y - 5*y, 3*y = o + 286. What is the remainder when y is divided by 34?
27
Let m = -11 + 13. Suppose 4*r = -4*p + 24, -m*r - 4*p + 18 = p. What is the remainder when 15 is divided by r?
3
Let u(s) = -2*s - s**3 + 5 + s + s**2 + s**2 - 7*s**2. What is the remainder when u(-5) is divided by 6?
4
Let f = 39 + -25. Suppose 0 = -4*p + 1 + 31. What is the remainder when f is divided by p?
6
Let f = -22 + 26. Let v(x) = x**3 - 3*x**2 - 3*x + 2. Calculate the remainder when 15 is divided by v(f).
3
Suppose 0 = -o - 2*y + 17, 5*o - 3*y = o + 79. Calculate the remainder when 54 is divided by o.
16
Suppose -67 - 18 = -3*y - o, 0 = -2*y + 2*o + 54. Let g(b) = 3*b**3 - b**2 - b. Let u be g(-1). Calculate the remainder when y is divided by (-29)/u - 6/(-18).
8
Suppose -2*w = 3*q - 6*w - 349, -q - 4*w + 143 = 0. Calculate the remainder when q is divided by 14.
11
Let c = -68 - -100. Calculate the remainder when 159 is divided by c.
31
Let k(t) = -t**3 + 6*t**2 - t - 7. Let m be k(5). Suppose -11 = -2*v - n, 4*v + n - 2*n - m = 0. What is the remainder when 9 is divided by v?
1
Let p = -17 + 13. Calculate the remainder when (p/5)/((-6)/225) is divided by (24/(-10))/((-6)/20).
6
Let d = -35 + 54. Calculate the remainder when 74 is divided by d.
17
Suppose 26 + 33 = u - 2*b, 2*b - 6 = 0. What is the remainder when u is divided by 33?
32
Let h(w) = w**3 - 4*w**2 - 3*w + 7. Suppose -7*g + 136 = -4*g - 2*v, 0 = 4*g + 3*v - 204. Calculate the remainder when g is divided by h(5).
14
Suppose 0 = 4*a - 284 - 288. What is the remainder when 3887/a + (-4)/22 is divided by 7?
6
Let m(d) = 13*d**2 + 4*d - 3. Calculate the remainder when m(2) is divided by 29.
28
Let u be (-12)/(-8)*30/9. Suppose -u*i - 12 = -27. Calculate the remainder when i is divided by 3.
0
Let b = 5 - 2. Suppose -8 - 34 = -b*j. What is the remainder when 26 is divided by j?
12
Suppose -5*f + 60 = 7*f. Let p(x) = x**2 - 6*x + 2. Calculate the remainder when f is divided by p(6).
1
Suppose -2*l + 0*l = -4. Let d = -9 + 11. Calculate the remainder when l is divided by d.
0
Let v(y) = y**3 + 7*y**2 - 3*y - 6. Let o be v(-7). Let s be 32/(-10) + 3/o. Let z = 4 + s. What is the remainder when 1 is divided by z?
0
Let f(q) = -2*q + 22. What is the remainder when 3/((-9)/(-267)) - 3 is divided by f(0)?
20
Let i(u) = u**2 + u - 3. Let h be i(0). What is the remainder when -3 + 6*(-16)/h is divided by 8?
5
Let v = -4 + 3. Let w be v/(-4) + 54/8. Let j = 11 - w. What is the remainder when 10 is divided by j?
2
Let d = -19 - -35. What is the remainder when d is divided by (0 + 1)*(-5 - -11)?
4
Suppose -5*l = -3*l - 3*q - 46, -5*l + q + 89 = 0. Calculate the remainder when 48 is divided by l.
14
Suppose 3*d = -d + 12. Suppose i + 104 = d*i. Calculate the remainder when i is divided by 18.
16
Let s = 14 - 8. Let w be s/(-15) - (-1194)/10. Suppose -w - 21 = -5*r. Calculate the remainder when r is divided by 15.
13
Let d be 4/(-5)*5/(-2). Let a = 4 - d. Suppose a*q - 21 = 25. What is the remainder when q is divided by 8?
7
Let s be 38/9 + 4/(-18). Suppose 4*o - o - 66 = -3*y, 0 = s*y - 2*o - 100. What is the remainder when y is divided by 13?
11
Let j be 0/(-4)*2/4. Suppose -4*w + j = -8. Suppose -148 = -w*l - 2*l. Calculate the remainder when l is divided by 13.
11
Let h(s) = -s**3 - 6*s**2 - s + 3. Calculate the remainder when 17 is divided by h(-6).
8
Suppose 2*i + 0*i - 47 = -5*a, -4*a + 60 = -4*i. Suppose 13 = 2*f - a. Calculate the remainder when 35 is divided by f.
11
Let o = -24 - -121. Suppose -5*v + 25 = 0, 4*s = 9*v - 7*v + 90. What is the remainder when o is divided by s?
22
Let s = -24 + 45. Suppose 12 = 3*h - s. Suppose -2*t = 4*a - 134, 5*a + 2 = -5*t + 182. What is the remainder when a is divided by h?
9
Let o(y) = -4 + 6*y - y**2 + 0*y**2 - y. Let k be o(4). Suppose -6*f + f + 95 = k. What is the remainder when f is divided by 7?
5
Let h be 1/((-2)/1)*52. Let x = -13 - h. What is the remainder when x is divided by 4?
1
Let x = -5 - -8. Suppose 3*g - x - 3 = 0. Suppose 1 = z - 3. What is the remainder when z is divided by g?
0
What is the remainder when (-1)/(-2)*(-48)/(-2) is divided by 8?
4
Suppose -5*n + 27 + 168 = 0. Calculate the remainder when n is divided by 14.
11
Let s = 18 - -7. Calculate the remainder when s is divided by 9.
7
Suppose 4 = v - 17. Let f = -5 - -5. Suppose -4*p = -w - 40, f*w = 3*w - 12. What is the remainder when v is divided by p?
10
Let z = 10 - 5. Suppose 2*t = z*t - 33. Calculate the remainder when t is divided by (-18)/(-5) + 2/5.
3
What is the remainder when ((-42)/(-35))/(3/40) is divided by 6?
4
Let f(s) = s**2 + s + 13. Let m be f(0). Let c = -5 + m. What is the remainder when c is divided by 3?
2
Suppose 0 = -y - 5 + 16. Suppose -16 - y = -j. Calculate the remainder when j is divided by 7.
6
Let t(x) be the second derivative of -x**3/6 - x**2/2 + x. Let c be t(-6). Suppose -14 = -v - c. What is the remainder when 35 is divided by v?
8
Let h = -58 - -61. Calculate the remainder when 11 is divided by h.
2
Suppose -k + 13 + 1 = 0. Suppose -2*x = 3*x - 200. Calculate the remainder when x is divided by k.
12
Suppose 0*t - 9 = -3*t. Suppose 0 = t*c, -2*f + 2*c + 57 = f. What is the remainder when 35 is divided by f?
16
Let f(c) = 3*c + 1. Let z be f(1). Let q be ((-42)/z)/(8/16). Let l = q - -34. What is the remainder when l is divided by 8?
5
What is the remainder when 489/6 - (-9)/6 is divided by 17?
15
Let c = -11 + 19. Calculate the remainder when -2 - -6 - (-28 + 8 + 4) is divided by c.
4
Let w = -3 + 9. Let r(b) = -b**3 + 8*b**2 - 2*b - 9. What is the remainder when r(w) is divided by 13?
12
Suppose -2*g = -18 - 56. Let n be 27/6 - 6/4. Suppose n*y + 3*d = 24, 0*y - 5*y + 2*d = -75. Calculate the remainder when g is divided by y.
11
Let c = 82 - -51. What is the remainder when c is divided by 23?
18
Let w(p) = 37*p**2 - p. Suppose -238 = -9*c - 67. Calculate the remainder when w(1) is divided by c.
17
Suppose -o = 5*c + 36, 3*c = -0*o + o - 20. Let h be (-2)/c + (-162)/(-21). Let w(s) = 5*s + 5. What is the remainder when w(h) is divided by 16?
13
Suppose -23 = -o - 0*c - 2*c, -36 = -3*o + 5*c. Suppose 0 = -d + 2 - 3. What is the remainder when (d + 0)/(2/(-98)) is divided by o?
15
Suppose 3*s - 98 = s. What is the remainder when 144 is divided by s?
46
Let q be (6/12)/(2/64). Let s = q - -28. What is the remainder when s is divided by 23?
21
Let b = -5 - -9. What is the remainder when 5/(-2)*(-36)/(-30)*-5 is divided by b?
3
Suppose 0 = q + 3*q - 72. Let j be (-12)/q + 8/(-6). What is the remainder when 39 is divided by (4/10)/(j/(-50))?
9
Suppose k + 3*k = 40. What is the remainder when 39 is divided by k?
9
Let g(h) = -8*h**2 - 4*h + h - 1 + 9*h**2. Calculate the remainder when g(12) is divided by 27.
26
Suppose -11*w = -8*w - 81. Calculate the remainder when 78 is divided by w.
24
Let h(t) = -t**3 - 9*t**2 + 4*t - 1. What is the remainder when h(-10) is divided by 31?
28
Let z be (-5)/2*(-3 + 1). Suppose 0 - 85 = -z*b. What is the remainder when b is divided by 4*(2 - 2/(-8))?
8
Let i(v) = 2*v - 8. Let a be i(6). Suppose 2*p + 3*w - 7 = -2, -a*p - w = 15. Let h(k) = -6*k - 5. What is the remainder when h(p) is divided by 13?
12
Suppose 3*a = 5*a - 24. Calculate the remainder when 35 is divided by a.
11
Let v(x) = -3 + x**2 - 2 + 0*x + 3*x. Suppose 3*b = -12, 0 = -5*d - b + 35 + 21. What is the remainder when v(-7) is divided by d?
11
Suppose -5*h - 31 = -3*r, -4*h - 3 = -4*r + 49. Calculate the remainder when 133 is divided by r.
14
Suppose -2*y + 3 + 3 = 0. Let r(s) be the second derivative of s**3/2 - s**2 - 5*s. What is the remainder when 19 is divided by r(y)?
5
Let y(q) = 9*q. Let d be y(1). Let t = -5 + d. Suppose -t*h + h + 21 = 0. What is the remainder when 19 is divided by h?
5
Suppose 0*r = 4*r - 12. Suppose -5*m + 217 = v + 4, -2*m + 92 = -r*v. Calculate the remainder when m is divided by 11.
10
Let h = -3 - -20. Suppose -q = -3*w + 8*w + 5, -2*w - q = 2. What is the remainder when h is divided by (-2)/